the first derivative of -1/3*j**3 + 2 - 4*j + 1/2*j**2. What is f(p)?
-4
Let h(f) = -f**3 - f**2 + 1. Suppose 0 = -5*j + 4*i + i, -4*j + 18 = 5*i. Let k(p) = p - 7 + j + 0 - 2. Let l be k(7). Calculate h(l).
1
Let l(f) = 7*f - 2. Let o(n) = -6*n + 2. Let w(a) = -3*l(a) - 4*o(a). What is w(-2)?
-8
Let h = -1 - -1. Suppose 4*s = x + 15, x + 3 = 5*s + 5*x. Let p(f) = f - 2*f**2 - 9 + 3*f**2 + s. Give p(h).
-6
Let n(u) = -u**3 - 5*u**2 + 8*u + 7. Let x be ((0 - 2) + 3)*1. Let m be x/(3 - 38/12). What is n(m)?
-5
Let i(k) be the third derivative of -k**5/60 + k**4/4 + 5*k**3/3 + 41*k**2. Give i(8).
-6
Let l = 0 - -3. Let t(d) = d**2 - 33*d**3 - 2*d - 4*d**2 - 2 + 32*d**l. Determine t(-2).
-2
Let k(m) = 20*m**2 + m - 1. Let q be k(1). Suppose -2*v + 2*o - 4*o + 10 = 0, -q = -4*o. Let i(x) = -x - 6. Calculate i(v).
-6
Suppose d + 11 = -4*w - 3, -4*d = -w - 12. Let f(y) = -y. Let m be f(-3). Let j(x) = 3*x - 7*x + x - m. What is j(w)?
9
Let i(v) = 2*v - 2. Let z(p) = -9*p**3 - p**2 - p - 1. Let t be z(-1). Let h = -6 + t. Give i(h).
2
Let y(p) = p + 6. Let u(s) = s + 6. Let h(o) = 5*u(o) - 4*y(o). Let q be h(0). Let r(t) = t**2 - 8*t + 7. Let m be r(q). Let l(b) = -2*b - 7. Give l(m).
3
Suppose -3*x = 2*x. Let i(r) = 1. Let l(q) = -q + 6. Let v = 2 - 1. Let d(f) = v*i(f) + l(f). Calculate d(x).
7
Let l(z) = 0 + 3 - 5*z**2 + 1 + 4*z**2. Give l(3).
-5
Let y(r) = 3*r**2 + 3*r - 10*r**3 + 7*r**3 + 4*r**3. Determine y(-2).
-2
Let p(w) = w**2 + 4*w + 4. Suppose 0 = 5*m - 3 - 12. Suppose -m*c + 9 = -3*k, 6*c = k + 2*c - 3. Give p(k).
9
Let x(q) = 3*q**2 - 2*q + 8. Let r(u) = u**2 - u + 1. Let a(m) = 5*r(m) - x(m). What is a(4)?
17
Let o(u) = u + 6. Let b be 10/(-3 - (-5 - -1)). Suppose -4*n - b = 14. Calculate o(n).
0
Let a(v) = 2*v**2 - 2*v + 2. Let p(o) = -5*o + 0 + 1 + 4 + 4*o**2. Let x(c) = -9*a(c) + 4*p(c). Give x(-2).
-2
Suppose 0 = -7*p + 6*p + a, -4*a = -5*p + 1. Let s(n) = -7*n**3 - 6*n**2 - 4*n - 3. Let q(w) = w**2 + w + 1. Let f(v) = -4*q(v) - s(v). Determine f(p).
8
Let o(g) = -g - 8. Let f(h) = h + 2. Let z be f(-2). Let y = z - 7. Determine o(y).
-1
Let z(f) = 12 - 26*f - 24*f + 49*f. Determine z(12).
0
Let s(i) = 4*i**2 - 6*i - 1. Let m(h) = h - 2 - 18*h + 9*h**2 + 2*h**2. Let n(d) = 3*m(d) - 8*s(d). What is n(3)?
2
Let o(x) = x - 12. Let d(v) = -1. Suppose 0 = -0*u - 4*u - 4. Let a(l) = u*o(l) + 5*d(l). Let n = 2 - -1. Calculate a(n).
4
Let v(i) be the second derivative of -3*i + 0 + 1/12*i**4 + i**3 - i**2. What is v(-5)?
-7
Let i(l) = -6*l - 1. Suppose 4*m + 4*t = 1 + 15, -m + 14 = 3*t. Determine i(m).
5
Let h(d) = 68*d + 5*d**2 - 59*d - 8 - 6*d**2. Determine h(8).
0
Let v(l) = -l**2 - 2*l + 4. Let u(p) = -p**3 + p - 4. Suppose c - 10 = -2*j, 4*c + 5 = c + j. Let k be u(c). Calculate v(k).
-4
Let y = -2 - -5. Let u be (-2)/6 - (-10)/y. Let s(p) = -3*p + u*p**2 + 4*p - 2 + 2*p**3 - p**3. Calculate s(-3).
-5
Let p(v) be the third derivative of v**7/5040 - v**6/144 + v**5/60 - 3*v**2. Let w(j) be the third derivative of p(j). Determine w(4).
-1
Let o(y) be the second derivative of -y**3/6 + 4*y**2 + 2*y. Calculate o(9).
-1
Let m(f) = -4*f + 4. Let v(n) be the first derivative of -2*n**2 + 3*n - 2. Let c(h) = 2*m(h) - 3*v(h). Let x(l) = -l - 1. Let o be x(0). Give c(o).
-5
Let q = 15 + -9. Let i(c) = c - 8. Calculate i(q).
-2
Let b(h) be the third derivative of 9*h**2 - 2/3*h**3 + 0*h + 0 + 1/12*h**4 + 1/60*h**5. Give b(-4).
4
Let o(r) = -r - 4 - 39*r**2 + 38*r**2 + 8*r. Determine o(5).
6
Let x be 0 + ((-24)/(-16))/(1/2). Let c(l) be the third derivative of 0*l**3 + 0 - 1/60*l**5 + 0*l + x*l**2 + 5/24*l**4. What is c(5)?
0
Let r be (-2)/6 - (-14)/6. Suppose 0 = o + 3 + r. Let h(m) = 2*m + 2. What is h(o)?
-8
Let y(l) = 7*l + 4. Let a(d) = -2*d - 1. Let u(c) = 22*a(c) + 6*y(c). Let b be -6*((-9)/3 + 2). Give u(b).
-10
Let s(j) = j + 3*j + 9 - j**2 - 7. Let x = 4 - 0. Give s(x).
2
Let m(q) = 5*q**2 - 2*q**2 - 1 + 0. Let y = -9 - -16. Let j(i) = i - 6. Let x be j(y). What is m(x)?
2
Let q(m) be the third derivative of m**5/60 + m**4/3 + m**3 - 18*m**2. Give q(-6).
-6
Let x(a) = -12*a**2 - 1 + 4*a**2 + 2*a - 4*a**3 + 6*a**2 + 0. What is x(1)?
-5
Let u(m) = -m**2 - 5*m - 2. Let k = -35 - -32. Determine u(k).
4
Let f(z) = z**2 - 2*z - 2. Let q be 1/(-2) - 9/6. Give f(q).
6
Let r(z) be the second derivative of -z**3/6 - 5*z**2/2 - 9*z. Calculate r(5).
-10
Let c(r) = -1. Let h(j) = -j. Let d(p) = 4*c(p) + h(p). Suppose 3*x = 2*l + 18, 31 = -5*l - 3*x + 7*x. What is d(l)?
-1
Suppose 0 = 2*z - 4*z + 12. Let m(y) = 13 + 135*y - 74*y - 62*y. Give m(z).
7
Let c be (3/1)/(5 + -6). Let l(r) = r**2 + 4*r + 2. Give l(c).
-1
Let x(u) = 0 - 10 - 9*u + 15*u + u + u**2. Give x(-7).
-10
Suppose 4*y = -y. Suppose y = -0*m + m - 3*a, 0 = 4*a - 4. Let q(p) = p + p + 0*p. Calculate q(m).
6
Let y(m) = 6*m**3 + 3*m**2 + 2*m + 1. Let w(v) = v**3 + v**2. Let o(u) = -3*w(u) + y(u). Calculate o(-1).
-4
Let p(v) be the third derivative of v**4/24 + 5*v**3/3 - 6*v**2. What is p(0)?
10
Let r(o) = o - 5*o + o + 2*o. Calculate r(4).
-4
Let o(d) = -3*d - 3*d - d + 8*d. Let r(u) = -u + 3. Let x(f) = -o(f) + r(f). Determine x(4).
-5
Let p be -4*(3/(-6) + 0). Suppose 3 = -p*t + 5. Let c(d) = -2*d**2 - 2*d + 1. Calculate c(t).
-3
Let f = 20 - 4. Suppose 8 = 4*c + f. Let r(m) = m. Determine r(c).
-2
Let w(j) = 7*j**3 - 4*j**2 + 6*j + 1 - 4*j**2 - 3. Let c(s) = -11*s**3 + 12*s**2 - 9*s + 3. Let p(x) = -5*c(x) - 8*w(x). Calculate p(2).
3
Let a(x) = x**3 + x**2 - 2. Suppose -2*v + 11 + 4 = 5*o, -3*v + 9 = 3*o. Suppose o*h = -0*h. Determine a(h).
-2
Let k = -12 + 7. Let g(b) = -6*b**2 + 7*b - 2. Let v(q) be the first derivative of 7*q**3/3 - 4*q**2 + 2*q - 1. Let c(p) = k*v(p) - 6*g(p). Give c(3).
5
Let q = -34 + 32. Let j(i) = -i**3 - 1. Determine j(q).
7
Suppose -4*m = -m + s + 30, 4*s + 21 = -3*m. Let o = -17 - m. Let l(q) = q**2 + 5*q - 7. Determine l(o).
-1
Let j(h) = 4*h**2 + 3*h + 2. Let v(d) = 3*d + 1. Let m be v(-1). Let a(t) = t**3 + 2*t**2 - 2. Let y be a(m). Determine j(y).
12
Suppose -15 = 3*n - 4*n. Let y(d) = -7 - 10 + d**2 + n. What is y(3)?
7
Let h(u) be the second derivative of u**5/20 - u**4/2 + 5*u**3/6 + 7*u**2/2 - 4*u. Suppose 2*y - 3*q - 14 = -5*q, 3*y + 4*q - 23 = 0. What is h(y)?
7
Let g(y) = -9*y**3 + 8*y + 5. Let c(m) = 4*m**3 - 4*m - 2. Let j(r) = 5*c(r) + 2*g(r). Let n(a) = 3*a**3 - 5*a. Let o(b) = -5*j(b) + 4*n(b). What is o(-1)?
-2
Let c(l) = -l. Let y be 4/2*(1 + -2). Let m be (-3)/y*(-16)/12. Determine c(m).
2
Let h(p) = -p**2 + p + 2. Let d(y) = -y**2 + 6*y - 7. Let b be d(5). Let u be h(b). Let t(m) = -m**3 - 3*m**2 + 5*m + 1. Give t(u).
-3
Let k(h) = h**2 + 4*h + 3. Let f be k(-3). Let o(t) = -t - 1 + 1 - 2. What is o(f)?
-2
Let t(b) = -b - 1 + 2 - 2*b - 2. Let j(q) = -3*q**3 + 4*q**2 - q - 1. Let s(u) = 4*u**3 - 4*u**2. Let h(i) = -3*j(i) - 2*s(i). Let d be h(3). Calculate t(d).
-10
Suppose 3*b - 5*j = 66, -j + 5*j = 3*b - 69. Suppose -i - 2 = 4*n - 24, i - b = -5*n. Let a(m) = -3*m**3 + 3*m - 3 + m**2 - 2*m + i*m**3 + 0*m**3. Give a(0).
-3
Let x(y) be the second derivative of -2*y - 9/20*y**5 + 0 + 1/2*y**2 + 0*y**4 + 0*y**3. What is x(1)?
-8
Let p(v) be the third derivative of v**4/24 + v**3/2 + v**2. Let l be p(-7). Let k(t) = -5 + 2*t - 6 + 6 + 0. What is k(l)?
-13
Let l(b) = 1 + 2*b**3 + 3*b**3 + 3*b - 4*b + 3*b. Determine l(-1).
-6
Let t(q) = 0 + 4 + q**2 + q - 5 + 3. Suppose -5*z + 5*y - 9 = 1, z - 4*y = -8. Calculate t(z).
2
Let f(h) be the second derivative of -h**6/180 - h**5/30 - h**4/8 - 2*h**3/3 + 2*h. Let y(x) be the second derivative of f(x). Determine y(-2).
-3
Suppose 0 = -5*j + 5*m + 55, j - 2*m = 3*m + 23. Let z(h) = -j*h + 13*h - 2 + 1. Let d(a) = a**3 - 3*a**2 + 3*a - 3. Let y be d(2). Determine z(y).
-6
Let l(h) = 15*h**3 - 2*h - 48*h**3 - 5 + 9*h**2 + 17*h**3 + 15*h**3. What is l(9)?
-23
Let u(h) be the first derivative of -h**4/4 + 4*h**3/3 - 3*h**2/2 - 4*h + 4. Determine u(3).
-4
Let x be (-3)/(-12) + 3/(-12). Let s(g) = x*g**2 - 4*g**2 - 3*g + 5*g**2. What is s(6)?
18
Let p(c) = 2 + 3*c**2 - 3*c + c**3 - c**2 - 6*c**2 + 6*c. Give p(4).
14
Let y = -53 + 44. Let p(q) = -q - 7. Give p(y).
2
Let y(u) = -u**3 - 2. Let a = 33 + -29. Let b = a - 6. Determine y(b).
6
Suppose -3*y = 2*h - 2*y - 12, 4*h = -y + 22. Let d(k) = k**3 - 5